{"id":151079,"date":"2022-09-28T15:28:53","date_gmt":"2022-09-28T13:28:53","guid":{"rendered":"https:\/\/www.fuertehoteles.com\/ofertas\/"},"modified":"2024-02-15T11:02:44","modified_gmt":"2024-02-15T10:02:44","slug":"offres","status":"publish","type":"page","link":"https:\/\/www.fuertehoteles.com\/fr\/offres\/","title":{"rendered":"Offres"},"content":{"rendered":"<div class=\"fh_offers_offer\"><div class=\"fh_offers_offer_image\"><a href=\"https:\/\/www.fuertehoteles.com\/fr\/ofertas\/vacances-avec-les-enfants\/\" target=\"_self\"><img decoding=\"async\" width=\"1920\" height=\"540\" src=\"https:\/\/www.fuertehoteles.com\/wp-content\/uploads\/2022\/09\/oferta-vacaciones-ninos-wide.jpg\" class=\"attachment-full size-full wp-post-image\" alt=\"Oferta - Vacaciones con ni\u00f1os\" srcset=\"https:\/\/www.fuertehoteles.com\/wp-content\/uploads\/2022\/09\/oferta-vacaciones-ninos-wide.jpg 1920w, https:\/\/www.fuertehoteles.com\/wp-content\/uploads\/2022\/09\/oferta-vacaciones-ninos-wide-300x84.jpg 300w, https:\/\/www.fuertehoteles.com\/wp-content\/uploads\/2022\/09\/oferta-vacaciones-ninos-wide-1024x288.jpg 1024w, https:\/\/www.fuertehoteles.com\/wp-content\/uploads\/2022\/09\/oferta-vacaciones-ninos-wide-768x216.jpg 768w, https:\/\/www.fuertehoteles.com\/wp-content\/uploads\/2022\/09\/oferta-vacaciones-ninos-wide-1536x432.jpg 1536w\" sizes=\"(max-width: 1920px) 100vw, 1920px\" \/><\/a><\/div><div class=\"fh_offers_offer_content\"><a href=\"https:\/\/www.fuertehoteles.com\/fr\/ofertas\/vacances-avec-les-enfants\/\" target=\"_self\"><h2>Vacances avec les enfants<\/h2><\/a><p>Si vous souhaitez passer des jours inoubliables avec les petits, Fuerte Hoteles a ce qu'il vous faut. Offre de vacances en famille, r\u00e9servez d\u00e8s maintenant!<\/p><div class=\"fh_offers_offer_button_container\"><a class=\"fh_offers_offer_button\" href=\"https:\/\/www.fuertehoteles.com\/fr\/ofertas\/vacances-avec-les-enfants\/\" target=\"_self\"><span><\/span><\/a><\/div><\/div><\/div>\n","protected":false},"excerpt":{"rendered":"Pr\u00e9parez vos vacances ou escapade en famille &nbsp; Si vous souhaitez passer des journ\u00e9es spectaculaires en famille avec les plus petits de la famille, Fuerte Hoteles vous propose tout ce dont vous avez besoin. Des activit\u00e9s en plein air, des jeux, le Forti Club et beaucoup d'autres choses qui feront que petits et grands profitent","protected":false},"author":6,"featured_media":7488,"parent":0,"menu_order":0,"comment_status":"closed","ping_status":"closed","template":"templates\/offers.php","meta":{"footnotes":""},"class_list":["post-151079","page","type-page","status-publish","hentry"],"yoast_head":"<!-- This site is optimized with the Yoast SEO plugin v22.4 - https:\/\/yoast.com\/wordpress\/plugins\/seo\/ -->\n<title>Offres Fuerte Hoteles pour vos Vacances en Andalousie<\/title>\n<meta name=\"description\" content=\"\u00c9conomisez sur vos vacances avec les offres de nos h\u00f4tels sur la Costa de la Luz et la Sierra de Grazalema en Andalousie. R\u00e9servez d\u00e8s maintenant !\" \/>\n<meta name=\"robots\" content=\"index, follow, max-snippet:-1, max-image-preview:large, max-video-preview:-1\" \/>\n<link rel=\"canonical\" href=\"https:\/\/www.fuertehoteles.com\/fr\/offres\/\" \/>\n<meta property=\"og:locale\" content=\"fr_FR\" \/>\n<meta property=\"og:type\" content=\"article\" \/>\n<meta property=\"og:title\" content=\"Offres Fuerte Hoteles pour vos Vacances en Andalousie\" \/>\n<meta property=\"og:description\" content=\"\u00c9conomisez sur vos vacances avec les offres de nos h\u00f4tels sur la Costa de la Luz et la Sierra de Grazalema en Andalousie. R\u00e9servez d\u00e8s maintenant !\" \/>\n<meta property=\"og:url\" content=\"https:\/\/www.fuertehoteles.com\/fr\/offres\/\" \/>\n<meta property=\"og:site_name\" content=\"Fuerte Hoteles\" \/>\n<meta property=\"article:publisher\" content=\"https:\/\/www.facebook.com\/HotelesFuerte\" \/>\n<meta property=\"article:modified_time\" content=\"2024-02-15T10:02:44+00:00\" \/>\n<meta property=\"og:image\" content=\"https:\/\/www.fuertehoteles.com\/wp-content\/uploads\/2022\/09\/ofertas-cabecera.jpg\" \/>\n\t<meta property=\"og:image:width\" content=\"1920\" \/>\n\t<meta property=\"og:image:height\" content=\"540\" \/>\n\t<meta property=\"og:image:type\" content=\"image\/jpeg\" \/>\n<meta name=\"twitter:card\" content=\"summary_large_image\" \/>\n<meta name=\"twitter:site\" content=\"@fuertehoteles\" \/>\n<script type=\"application\/ld+json\" class=\"yoast-schema-graph\">{\"@context\":\"https:\/\/schema.org\",\"@graph\":[{\"@type\":\"WebPage\",\"@id\":\"https:\/\/www.fuertehoteles.com\/fr\/offres\/\",\"url\":\"https:\/\/www.fuertehoteles.com\/fr\/offres\/\",\"name\":\"Offres Fuerte Hoteles pour vos Vacances en Andalousie\",\"isPartOf\":{\"@id\":\"https:\/\/www.fuertehoteles.com\/#website\"},\"primaryImageOfPage\":{\"@id\":\"https:\/\/www.fuertehoteles.com\/fr\/offres\/#primaryimage\"},\"image\":{\"@id\":\"https:\/\/www.fuertehoteles.com\/fr\/offres\/#primaryimage\"},\"thumbnailUrl\":\"https:\/\/www.fuertehoteles.com\/wp-content\/uploads\/2022\/09\/ofertas-cabecera.jpg\",\"datePublished\":\"2022-09-28T13:28:53+00:00\",\"dateModified\":\"2024-02-15T10:02:44+00:00\",\"description\":\"\u00c9conomisez sur vos vacances avec les offres de nos h\u00f4tels sur la Costa de la Luz et la Sierra de Grazalema en Andalousie. R\u00e9servez d\u00e8s maintenant !\",\"breadcrumb\":{\"@id\":\"https:\/\/www.fuertehoteles.com\/fr\/offres\/#breadcrumb\"},\"inLanguage\":\"fr-FR\",\"potentialAction\":[{\"@type\":\"ReadAction\",\"target\":[\"https:\/\/www.fuertehoteles.com\/fr\/offres\/\"]}]},{\"@type\":\"ImageObject\",\"inLanguage\":\"fr-FR\",\"@id\":\"https:\/\/www.fuertehoteles.com\/fr\/offres\/#primaryimage\",\"url\":\"https:\/\/www.fuertehoteles.com\/wp-content\/uploads\/2022\/09\/ofertas-cabecera.jpg\",\"contentUrl\":\"https:\/\/www.fuertehoteles.com\/wp-content\/uploads\/2022\/09\/ofertas-cabecera.jpg\",\"width\":1920,\"height\":540},{\"@type\":\"BreadcrumbList\",\"@id\":\"https:\/\/www.fuertehoteles.com\/fr\/offres\/#breadcrumb\",\"itemListElement\":[{\"@type\":\"ListItem\",\"position\":1,\"name\":\"Portada\",\"item\":\"https:\/\/www.fuertehoteles.com\/fr\/\"},{\"@type\":\"ListItem\",\"position\":2,\"name\":\"Offres\"}]},{\"@type\":\"WebSite\",\"@id\":\"https:\/\/www.fuertehoteles.com\/#website\",\"url\":\"https:\/\/www.fuertehoteles.com\/\",\"name\":\"Fuerte Hoteles\",\"description\":\"\",\"publisher\":{\"@id\":\"https:\/\/www.fuertehoteles.com\/#organization\"},\"potentialAction\":[{\"@type\":\"SearchAction\",\"target\":{\"@type\":\"EntryPoint\",\"urlTemplate\":\"https:\/\/www.fuertehoteles.com\/?s={search_term_string}\"},\"query-input\":\"required name=search_term_string\"}],\"inLanguage\":\"fr-FR\"},{\"@type\":\"Organization\",\"@id\":\"https:\/\/www.fuertehoteles.com\/#organization\",\"name\":\"Fuerte Hoteles\",\"url\":\"https:\/\/www.fuertehoteles.com\/\",\"logo\":{\"@type\":\"ImageObject\",\"inLanguage\":\"fr-FR\",\"@id\":\"https:\/\/www.fuertehoteles.com\/#\/schema\/logo\/image\/\",\"url\":\"https:\/\/www.fuertehoteles.com\/wp-content\/uploads\/2022\/09\/logo-ffhh-1.jpg\",\"contentUrl\":\"https:\/\/www.fuertehoteles.com\/wp-content\/uploads\/2022\/09\/logo-ffhh-1.jpg\",\"width\":500,\"height\":500,\"caption\":\"Fuerte Hoteles\"},\"image\":{\"@id\":\"https:\/\/www.fuertehoteles.com\/#\/schema\/logo\/image\/\"},\"sameAs\":[\"https:\/\/www.facebook.com\/HotelesFuerte\",\"https:\/\/twitter.com\/fuertehoteles\",\"https:\/\/www.instagram.com\/fuertehoteles\/\",\"https:\/\/www.linkedin.com\/company\/fuerte-hoteles\/\",\"https:\/\/www.youtube.com\/user\/fuertehoteles\",\"https:\/\/en.wikipedia.org\/wiki\/Fuerte_Hotels\"]}]}<\/script>\n<!-- \/ Yoast SEO plugin. -->","yoast_head_json":{"title":"Offres Fuerte Hoteles pour vos Vacances en Andalousie","description":"\u00c9conomisez sur vos vacances avec les offres de nos h\u00f4tels sur la Costa de la Luz et la Sierra de Grazalema en Andalousie. R\u00e9servez d\u00e8s maintenant !","robots":{"index":"index","follow":"follow","max-snippet":"max-snippet:-1","max-image-preview":"max-image-preview:large","max-video-preview":"max-video-preview:-1"},"canonical":"https:\/\/www.fuertehoteles.com\/fr\/offres\/","og_locale":"fr_FR","og_type":"article","og_title":"Offres Fuerte Hoteles pour vos Vacances en Andalousie","og_description":"\u00c9conomisez sur vos vacances avec les offres de nos h\u00f4tels sur la Costa de la Luz et la Sierra de Grazalema en Andalousie. R\u00e9servez d\u00e8s maintenant !","og_url":"https:\/\/www.fuertehoteles.com\/fr\/offres\/","og_site_name":"Fuerte Hoteles","article_publisher":"https:\/\/www.facebook.com\/HotelesFuerte","article_modified_time":"2024-02-15T10:02:44+00:00","og_image":[{"width":1920,"height":540,"url":"https:\/\/www.fuertehoteles.com\/wp-content\/uploads\/2022\/09\/ofertas-cabecera.jpg","type":"image\/jpeg"}],"twitter_card":"summary_large_image","twitter_site":"@fuertehoteles","schema":{"@context":"https:\/\/schema.org","@graph":[{"@type":"WebPage","@id":"https:\/\/www.fuertehoteles.com\/fr\/offres\/","url":"https:\/\/www.fuertehoteles.com\/fr\/offres\/","name":"Offres Fuerte Hoteles pour vos Vacances en Andalousie","isPartOf":{"@id":"https:\/\/www.fuertehoteles.com\/#website"},"primaryImageOfPage":{"@id":"https:\/\/www.fuertehoteles.com\/fr\/offres\/#primaryimage"},"image":{"@id":"https:\/\/www.fuertehoteles.com\/fr\/offres\/#primaryimage"},"thumbnailUrl":"https:\/\/www.fuertehoteles.com\/wp-content\/uploads\/2022\/09\/ofertas-cabecera.jpg","datePublished":"2022-09-28T13:28:53+00:00","dateModified":"2024-02-15T10:02:44+00:00","description":"\u00c9conomisez sur vos vacances avec les offres de nos h\u00f4tels sur la Costa de la Luz et la Sierra de Grazalema en Andalousie. R\u00e9servez d\u00e8s maintenant !","breadcrumb":{"@id":"https:\/\/www.fuertehoteles.com\/fr\/offres\/#breadcrumb"},"inLanguage":"fr-FR","potentialAction":[{"@type":"ReadAction","target":["https:\/\/www.fuertehoteles.com\/fr\/offres\/"]}]},{"@type":"ImageObject","inLanguage":"fr-FR","@id":"https:\/\/www.fuertehoteles.com\/fr\/offres\/#primaryimage","url":"https:\/\/www.fuertehoteles.com\/wp-content\/uploads\/2022\/09\/ofertas-cabecera.jpg","contentUrl":"https:\/\/www.fuertehoteles.com\/wp-content\/uploads\/2022\/09\/ofertas-cabecera.jpg","width":1920,"height":540},{"@type":"BreadcrumbList","@id":"https:\/\/www.fuertehoteles.com\/fr\/offres\/#breadcrumb","itemListElement":[{"@type":"ListItem","position":1,"name":"Portada","item":"https:\/\/www.fuertehoteles.com\/fr\/"},{"@type":"ListItem","position":2,"name":"Offres"}]},{"@type":"WebSite","@id":"https:\/\/www.fuertehoteles.com\/#website","url":"https:\/\/www.fuertehoteles.com\/","name":"Fuerte Hoteles","description":"","publisher":{"@id":"https:\/\/www.fuertehoteles.com\/#organization"},"potentialAction":[{"@type":"SearchAction","target":{"@type":"EntryPoint","urlTemplate":"https:\/\/www.fuertehoteles.com\/?s={search_term_string}"},"query-input":"required name=search_term_string"}],"inLanguage":"fr-FR"},{"@type":"Organization","@id":"https:\/\/www.fuertehoteles.com\/#organization","name":"Fuerte Hoteles","url":"https:\/\/www.fuertehoteles.com\/","logo":{"@type":"ImageObject","inLanguage":"fr-FR","@id":"https:\/\/www.fuertehoteles.com\/#\/schema\/logo\/image\/","url":"https:\/\/www.fuertehoteles.com\/wp-content\/uploads\/2022\/09\/logo-ffhh-1.jpg","contentUrl":"https:\/\/www.fuertehoteles.com\/wp-content\/uploads\/2022\/09\/logo-ffhh-1.jpg","width":500,"height":500,"caption":"Fuerte Hoteles"},"image":{"@id":"https:\/\/www.fuertehoteles.com\/#\/schema\/logo\/image\/"},"sameAs":["https:\/\/www.facebook.com\/HotelesFuerte","https:\/\/twitter.com\/fuertehoteles","https:\/\/www.instagram.com\/fuertehoteles\/","https:\/\/www.linkedin.com\/company\/fuerte-hoteles\/","https:\/\/www.youtube.com\/user\/fuertehoteles","https:\/\/en.wikipedia.org\/wiki\/Fuerte_Hotels"]}]}},"_links":{"self":[{"href":"https:\/\/www.fuertehoteles.com\/fr\/wp-json\/wp\/v2\/pages\/151079","targetHints":{"allow":["GET"]}}],"collection":[{"href":"https:\/\/www.fuertehoteles.com\/fr\/wp-json\/wp\/v2\/pages"}],"about":[{"href":"https:\/\/www.fuertehoteles.com\/fr\/wp-json\/wp\/v2\/types\/page"}],"author":[{"embeddable":true,"href":"https:\/\/www.fuertehoteles.com\/fr\/wp-json\/wp\/v2\/users\/6"}],"replies":[{"embeddable":true,"href":"https:\/\/www.fuertehoteles.com\/fr\/wp-json\/wp\/v2\/comments?post=151079"}],"version-history":[{"count":1,"href":"https:\/\/www.fuertehoteles.com\/fr\/wp-json\/wp\/v2\/pages\/151079\/revisions"}],"predecessor-version":[{"id":151082,"href":"https:\/\/www.fuertehoteles.com\/fr\/wp-json\/wp\/v2\/pages\/151079\/revisions\/151082"}],"wp:featuredmedia":[{"embeddable":true,"href":"https:\/\/www.fuertehoteles.com\/fr\/wp-json\/wp\/v2\/media\/7488"}],"wp:attachment":[{"href":"https:\/\/www.fuertehoteles.com\/fr\/wp-json\/wp\/v2\/media?parent=151079"}],"curies":[{"name":"wp","href":"https:\/\/api.w.org\/{rel}","templated":true}]}}

<div class="fh_offers_offer"><div class="fh_offers_offer_image"><a href="https://www.fuertehoteles.com/fr/ofertas/vacances-avec-les-enfants/" target="_self"><img decoding="async" width="1920" height="540" src="https://www.fuertehoteles.com/wp-content/uploads/2022/09/oferta-vacaciones-ninos-wide.jpg" class="attachment-full size-full wp-post-image" alt="Oferta - Vacaciones con niños" srcset="https://www.fuertehoteles.com/wp-content/uploads/2022/09/oferta-vacaciones-ninos-wide.jpg 1920w, https://www.fuertehoteles.com/wp-content/uploads/2022/09/oferta-vacaciones-ninos-wide-300x84.jpg 300w, https://www.fuertehoteles.com/wp-content/uploads/2022/09/oferta-vacaciones-ninos-wide-1024x288.jpg 1024w, https://www.fuertehoteles.com/wp-content/uploads/2022/09/oferta-vacaciones-ninos-wide-768x216.jpg 768w, https://www.fuertehoteles.com/wp-content/uploads/2022/09/oferta-vacaciones-ninos-wide-1536x432.jpg 1536w" sizes="(max-width: 1920px) 100vw, 1920px" /></a></div><div class="fh_offers_offer_content"><a href="https://www.fuertehoteles.com/fr/ofertas/vacances-avec-les-enfants/" target="_self"><h2>Vacances avec les enfants</h2></a><p>Si vous souhaitez passer des jours inoubliables avec les petits, Fuerte Hoteles a ce qu'il vous faut. Offre de vacances en famille, réservez dès maintenant!</p><div class="fh_offers_offer_button_container"><a class="fh_offers_offer_button" href="https://www.fuertehoteles.com/fr/ofertas/vacances-avec-les-enfants/" target="_self"><span></span></a></div></div></div>

Préparez vos vacances ou escapade en famille &nbsp; Si vous souhaitez passer des journées spectaculaires en famille avec les plus petits de la famille, Fuerte Hoteles vous propose tout ce dont vous avez besoin. Des activités en plein air, des jeux, le Forti Club et beaucoup d'autres choses qui feront que petits et grands profitent

<!-- This site is optimized with the Yoast SEO plugin v22.4 - https://yoast.com/wordpress/plugins/seo/ -->
<title>Offres Fuerte Hoteles pour vos Vacances en Andalousie</title>
<meta name="description" content="Économisez sur vos vacances avec les offres de nos hôtels sur la Costa de la Luz et la Sierra de Grazalema en Andalousie. Réservez dès maintenant !" />
<meta name="robots" content="index, follow, max-snippet:-1, max-image-preview:large, max-video-preview:-1" />
<link rel="canonical" href="https://www.fuertehoteles.com/fr/offres/" />
<meta property="og:locale" content="fr_FR" />
<meta property="og:type" content="article" />
<meta property="og:title" content="Offres Fuerte Hoteles pour vos Vacances en Andalousie" />
<meta property="og:description" content="Économisez sur vos vacances avec les offres de nos hôtels sur la Costa de la Luz et la Sierra de Grazalema en Andalousie. Réservez dès maintenant !" />
<meta property="og:url" content="https://www.fuertehoteles.com/fr/offres/" />
<meta property="og:site_name" content="Fuerte Hoteles" />
<meta property="article:publisher" content="https://www.facebook.com/HotelesFuerte" />
<meta property="article:modified_time" content="2024-02-15T10:02:44+00:00" />
<meta property="og:image" content="https://www.fuertehoteles.com/wp-content/uploads/2022/09/ofertas-cabecera.jpg" />
	<meta property="og:image:width" content="1920" />
	<meta property="og:image:height" content="540" />
	<meta property="og:image:type" content="image/jpeg" />
<meta name="twitter:card" content="summary_large_image" />
<meta name="twitter:site" content="@fuertehoteles" />
<script type="application/ld+json" class="yoast-schema-graph">{"@context":"https://schema.org","@graph":[{"@type":"WebPage","@id":"https://www.fuertehoteles.com/fr/offres/","url":"https://www.fuertehoteles.com/fr/offres/","name":"Offres Fuerte Hoteles pour vos Vacances en Andalousie","isPartOf":{"@id":"https://www.fuertehoteles.com/#website"},"primaryImageOfPage":{"@id":"https://www.fuertehoteles.com/fr/offres/#primaryimage"},"image":{"@id":"https://www.fuertehoteles.com/fr/offres/#primaryimage"},"thumbnailUrl":"https://www.fuertehoteles.com/wp-content/uploads/2022/09/ofertas-cabecera.jpg","datePublished":"2022-09-28T13:28:53+00:00","dateModified":"2024-02-15T10:02:44+00:00","description":"Économisez sur vos vacances avec les offres de nos hôtels sur la Costa de la Luz et la Sierra de Grazalema en Andalousie. Réservez dès maintenant !","breadcrumb":{"@id":"https://www.fuertehoteles.com/fr/offres/#breadcrumb"},"inLanguage":"fr-FR","potentialAction":[{"@type":"ReadAction","target":["https://www.fuertehoteles.com/fr/offres/"]}]},{"@type":"ImageObject","inLanguage":"fr-FR","@id":"https://www.fuertehoteles.com/fr/offres/#primaryimage","url":"https://www.fuertehoteles.com/wp-content/uploads/2022/09/ofertas-cabecera.jpg","contentUrl":"https://www.fuertehoteles.com/wp-content/uploads/2022/09/ofertas-cabecera.jpg","width":1920,"height":540},{"@type":"BreadcrumbList","@id":"https://www.fuertehoteles.com/fr/offres/#breadcrumb","itemListElement":[{"@type":"ListItem","position":1,"name":"Portada","item":"https://www.fuertehoteles.com/fr/"},{"@type":"ListItem","position":2,"name":"Offres"}]},{"@type":"WebSite","@id":"https://www.fuertehoteles.com/#website","url":"https://www.fuertehoteles.com/","name":"Fuerte Hoteles","description":"","publisher":{"@id":"https://www.fuertehoteles.com/#organization"},"potentialAction":[{"@type":"SearchAction","target":{"@type":"EntryPoint","urlTemplate":"https://www.fuertehoteles.com/?s={search_term_string}"},"query-input":"required name=search_term_string"}],"inLanguage":"fr-FR"},{"@type":"Organization","@id":"https://www.fuertehoteles.com/#organization","name":"Fuerte Hoteles","url":"https://www.fuertehoteles.com/","logo":{"@type":"ImageObject","inLanguage":"fr-FR","@id":"https://www.fuertehoteles.com/#/schema/logo/image/","url":"https://www.fuertehoteles.com/wp-content/uploads/2022/09/logo-ffhh-1.jpg","contentUrl":"https://www.fuertehoteles.com/wp-content/uploads/2022/09/logo-ffhh-1.jpg","width":500,"height":500,"caption":"Fuerte Hoteles"},"image":{"@id":"https://www.fuertehoteles.com/#/schema/logo/image/"},"sameAs":["https://www.facebook.com/HotelesFuerte","https://twitter.com/fuertehoteles","https://www.instagram.com/fuertehoteles/","https://www.linkedin.com/company/fuerte-hoteles/","https://www.youtube.com/user/fuertehoteles","https://en.wikipedia.org/wiki/Fuerte_Hotels"]}]}</script>
<!-- / Yoast SEO plugin. -->

Économisez sur vos vacances avec les offres de nos hôtels sur la Costa de la Luz et la Sierra de Grazalema en Andalousie. Réservez dès maintenant !
